 y(29).
3
Let n(s) = 4*s**2 - s + 1. Give n(2).
15
Let k(b) = b**2 - 13*b + 40. What is k(5)?
0
Let c(u) = -u**2 + 40*u - 169. What is c(35)?
6
Let q(m) = 2*m**3 + 8*m**2 - 9. Determine q(-3).
9
Let m(h) = -h**3 + 12*h**2 + 13*h + 13. What is m(13)?
13
Let f(n) = n**2 + 26*n + 49. Determine f(-24).
1
Let b(x) = -x**3 + 3*x**2 - 4*x - 16. What is b(-2)?
12
Let k(i) = 31*i + 166. Calculate k(-5).
11
Let s(b) = -b**2 + 2*b - 2. Give s(0).
-2
Let h(g) = g**2 + 9*g + 21. Calculate h(-7).
7
Let j(d) = d**3 - 13*d**2 - 14*d + 63. Calculate j(14).
63
Let y(f) = f**3 + 5*f**2 - 4*f - 5. Calculate y(-4).
27
Let x(a) = -a**3 - 7*a**2 + 7*a + 7. What is x(-8)?
15
Let g(n) = n**3 - 7*n + 7. What is g(3)?
13
Let m(s) = 10*s - 6. Calculate m(4).
34
Let y(j) = 12*j - 11. Determine y(5).
49
Let g(t) = -5*t**3 + t**2 - 2*t + 6. Calculate g(2).
-34
Let s(n) = 63*n**2 - n - 2. Determine s(-1).
62
Let g(p) = p**2 - 21*p - 27. What is g(22)?
-5
Let h(s) = -s**3 + 9*s**2 + 8*s - 5. Give h(10).
-25
Let f(u) = -u**2 + 13*u + 20. Give f(14).
6
Let c(t) = -t**2 - t + 11. Give c(0).
11
Let x(r) = 4*r - 99. What is x(0)?
-99
Let v(i) = -i**2 - 13*i + 16. Determine v(-14).
2
Let a(o) = -3*o + 26. Calculate a(17).
-25
Let z(s) = 2*s - 4. Give z(8).
12
Let y(t) = -7*t. Determine y(1).
-7
Let r(m) = -2*m**2 + 8*m + 5. What is r(6)?
-19
Let r(x) = x**3 + 2*x**2 + 3*x + 3. Determine r(-2).
-3
Let v(b) = b**3 - 13*b**2 + 10*b + 19. Give v(12).
-5
Let j(a) = -a**2 - a - 1. Calculate j(0).
-1
Let k(t) = 2*t - 2. Give k(4).
6
Let y(w) = w**2 - 9*w - 2. Give y(7).
-16
Let y(l) = -7*l - 2. Calculate y(1).
-9
Let j(o) = -o - 3. Calculate j(-6).
3
Let y(n) = -n**2 + 4*n + 8. What is y(7)?
-13
Let b(z) = -z**3 + 8*z**2 - 8*z + 7. Determine b(3).
28
Let k(n) = -n**2 - 8*n - 24. Determine k(-6).
-12
Let u(f) = 2*f**2 - 19*f + 58. What is u(8)?
34
Let k(h) = -h**2 - 4*h + 23. What is k(-8)?
-9
Let g(r) = -3*r - 29. What is g(-11)?
4
Let h(p) = -20*p - 110. Give h(-5).
-10
Let m(r) = -5*r**2 - 10*r - 27. Calculate m(-5).
-102
Let k(s) = -4*s**2 - 20*s + 1. What is k(-5)?
1
Let x(h) = -57*h**3 - 2*h**2 + 2*h - 1. Calculate x(1).
-58
Let w(u) = -u**2 + 14*u - 4. Calculate w(6).
44
Let v(a) = -a**3 + 12*a**2 + 15*a + 185. Calculate v(14).
3
Let f(k) = k**3 - 6*k**2 + k + 3. Determine f(6).
9
Let o(f) = -6*f - 7. Give o(-7).
35
Let w(g) = 5*g - 48. What is w(10)?
2
Let p(k) = -6*k**3 - 2*k**2 + 3*k + 3. Give p(-2).
37
Let j(y) = -19*y - 132. Determine j(-7).
1
Let d(w) = -w - 9. Calculate d(-8).
-1
Let q(g) = g**2 + 71*g - 9. What is q(0)?
-9
Let b(f) = -f**2 - 5*f + 20. Calculate b(2).
6
Let m(x) = 25*x**3 - 1. Give m(1).
24
Let t(m) = m**2 + 17*m + 67. Determine t(-5).
7
Let j(o) = -7*o + 1. Give j(-6).
43
Let z(p) = 7*p + 44. Calculate z(-6).
2
Let h(n) = -n**3 + 5*n**2 + 19*n - 92. Calculate h(5).
3
Let p(j) = -2*j**2 - 9*j + 25. What is p(-6)?
7
Let t(a) = 2*a**2 + 14*a. What is t(-10)?
60
Let j(y) = 7*y - 11. Calculate j(-12).
-95
Let j(q) = 10*q + 4. What is j(1)?
14
Let t(n) = -n**3 - 11*n**2 - 19*n - 6. Calculate t(-9).
3
Let r(z) = -3*z**2 + 38*z - 33. Determine r(12).
-9
Let r(f) = -7*f**2 - f - 4. Give r(-3).
-64
Let u(t) = -t**2 - 12*t - 11. What is u(-11)?
0
Let c(k) = 2*k**2 + 26*k + 28. What is c(-11)?
-16
Let x(k) = -k**2 + 12*k - 1. Give x(13).
-14
Let x(y) = 10*y**2 - 6*y + 7. Give x(1).
11
Let j(u) = -u**3 - 24*u**2 + 50*u - 26. What is j(-26)?
26
Let x(v) = -76*v**3 - v**2 + 3*v - 2. Give x(1).
-76
Let h(q) = -q**3 + q**2 + q - 12. Calculate h(0).
-12
Let a(y) = -7*y. What is a(2)?
-14
Let u(i) = -3*i**3 - 15*i**2 + 8*i + 4. Determine u(-5).
-36
Let x(i) = 5*i - 1. What is x(-1)?
-6
Let o(u) = -7*u - 134. Determine o(-19).
-1
Let o(y) = -32*y + 82. Determine o(3).
-14
Let c(h) = h**3 - 9*h**2 + 23*h - 10. Determine c(5).
5
Let v(p) = -p**3 + 3*p**2 + 6*p - 4. What is v(6)?
-76
Let s(z) = z + 18. Give s(2).
20
Let z(i) = 5*i**2 - i + 28. Determine z(5).
148
Let r(o) = -o - 3. Calculate r(0).
-3
Let q(v) = -v**3 - 18*v**2 - 31*v - 27. Determine q(-16).
-43
Let g(d) = -6*d + 115. Calculate g(18).
7
Let s(f) = f**3 + 13*f**2 - 14*f + 7. Calculate s(-14).
7
Let j(x) = x**2 + 7*x - 66. What is j(-12)?
-6
Let n(c) = c**3 - 16*c**2 - 2*c - 2. What is n(16)?
-34
Let p(d) = -d**2 + 6*d - 7. Give p(1).
-2
Let f(h) = -3*h - 8. Calculate f(-3).
1
Let n(y) = y**3 - 15*y**2 + 16*y + 37. Determine n(14).
65
Let p(r) = -37*r - 218. What is p(-6)?
4
Let m(v) = v**2 - 2*v - 5. Calculate m(-3).
10
Let s(x) = x**3 - 10*x**2 + 9*x - 5. What is s(9)?
-5
Let a(g) = -37*g**3 + 2*g + 2. What is a(-1)?
37
Let l(j) = j**3 - j + 20. Calculate l(0).
20
Let w(r) = 3*r**2 - 13*r - 8. Calculate w(5).
2
Let w(d) = 3*d - 1. Calculate w(-4).
-13
Let x(z) = z**3 + 4*z**2 - 3*z - 5. Determine x(-5).
-15
Let d(v) = v - 10. Calculate d(0).
-10
Let b(n) = -n**2 - 16*n - 41. Determine b(-3).
-2
Let f(w) = w**2 + 2*w - 1. What is f(6)?
47
Let a(x) = -2*x - 6. What is a(-1)?
-4
Let i(j) = j**2 + 6*j - 6. Give i(-6).
-6
Let t(a) = 8*a - 67. Determine t(10).
13
Let b(r) = -2*r**3 + 7*r - 10. Calculate b(3).
-43
Let n(r) = r**2 - 3*r + 4. What is n(1)?
2
Let c(h) = h**3 - 3*h**2 - 8. Determine c(4).
8
Let c(t) = t - 9. Give c(10).
1
Let f(a) = 9*a + 45. Give f(-7).
-18
Let a(f) = f**2 + 9*f + 5. Determine a(-5).
-15
Let y(h) = h**3 + h**2. Determine y(-2).
-4
Let y(a) = a**2 - 12*a + 21. Give y(12).
21
Let x(p) = -p**2 - 24*p - 43. Give x(-21).
20
Let u(m) = 9*m - 74. Determine u(8).
-2
Let c(x) = -x**3 - 6*x**2 + 5*x - 21. Give c(-7).
-7
Let n(m) = -2*m**3 - 42*m**2 - m - 33. Calculate n(-21).
-12
Let i(q) = q**3 - q + 36. What is i(0)?
36
Let n(u) = 2*u**2 - 14*u + 14. Give n(6).
2
Let m(i) = -3*i**2 + 10*i - 2. Calculate m(5).
-27
Let n(i) = 6*i - 4. What is n(5)?
26
Let k(x) = -x**2 + 6*x - 4. Give k(6).
-4
Let r(f) = -f**3 + 10*f**2 + 1. What is r(10)?
1
Let l(w) = w**3 - 22*w**2 + 41*w - 21. Give l(20).
-1
Let i(x) = x**3 + 6*x**2 - 2*x + 23. Calculate i(-7).
-12
Let g(r) = -r**2 + r - 2. Calculate g(0).
-2
Let p(g) = -14*g - 123. Calculate p(-10).
17
Let a(j) = j**2 + 8*j - 18. Determine a(-9).
-9
Let j(h) = h**2 - 27*h + 18. What is j(26)?
-8
Let q(c) = -c + 7. Give q(-8).
15
Let w(y) = -y**2 + 7*y + 2. Give w(8).
-6
Let b(w) = w**3 + 6*w**2 + 2*w - 20. Determine b(-5).
-5
Let t(a) = a**3 + 9*a**2 + 16*a - 17. Determine t(-5).
3
Let n(o) = 9*o - 3. What is n(2)?
15
Let f(o) = -13*o - 7. Determine f(-4).
45
Let w(z) = 2*z**2 + 5*z + 2. Give w(5).
77
Let l(h) = h**3 - 6*h**2 - 16*h + 15. Determine l(6).
-81
Let x(b) = -28*b + 346. Determine x(13).
-18
Let x(v) = -8*v - 20. Determine x(-4).
12
Let t(g) = g**2 + g - 16. What is t(0)?
-16
Let s(f) = 14*f - 76. Determine s(5).
-6
Let f(j) = 3*j**2 - 7*j - 5. Determine f(-2).
21
Let l(g) = g**2 + 17*g - 66. Determine l(-19).
-28
Let z(r) = r**2 - 28*r + 54. What is z(26)?
2
Let w(c) = c + 13. Determine w(-14).
-1
Let k(z) = 21*z - 12. Determine k(-1).
-33
Let d(h) = h**3 + 5*h - 4. Determine d(1).
2
Let q(k) = 56*k**2 + 3*k + 3. Give q(-1).
56
Let d(c) = 58*c - 53. Determine d(1).
5
Let n(l) = -l**3 + 1. Determine n(-1).
2
Let z(m) = -24*m + 1. What is z(1)?
-23
Let o(z) = -2*z**3 - 11*z**2 + 14*z + 18. Give o(-6).
-30
Let m(f) = f**3 - 2*f**2 - 2*f + 2. Calculate m(3).
5
Let x(p) = -p**3 + 4*p**2 + p - 3. Determine x(-2).
19
Let j(n) = -n**2 - 19*n - 7. What is j(0)?
-7
Let a(r) = r**2 + 4*r - 3. Give a(-8).
29
Let a(z) = 20*z**3 + z**2 - z - 2. Calculate a(-1).
-20
Let c(u) = u**3 - 5*u**2 + 5*u - 6. Calculate c(4).
-2
Let a(p) = -p**3 + 18*p**2 + 38*p + 37. What is a(20)?
-3
Let l(b) = -2*b + 39. Give l(22).
-5
Let h(d) = d**2 - 9*d - 19. Calculate h(12).
17
Let q(o) = -26*o + 364. Calculate q(14).
0
Let d(n) = -n**2 + 8*n + 11. Determine d(10).
-9
Let m(h) = -16*h - 3. What is m(-2)?
29
Let l(z) = -10*z - 7. Calculate l(1).
-17
Let k(w) = -16*w**3 + 4*w**2 + 3*w + 1. Determine k(-1).
18
Let v(w) = -w**2 + 7*w + 43. Determine v(13).
-35
Let p(u) = u**3 + 11. Give p(0).
11
Let u(m) = -m**3 - 7*m**2 + 17*m - 20. Calculate u(-9).
-11
Let i(l) = l**3 - l**2 - l - 1. Give i(3).
14
Let p(m) = -2*m**2 - 6*m + 41. What is p(4)?
-15
Let h(x) = x**3 + 16*x**2 + 29*x + 6. Determine h(-14).
-8
Let l(y) = -3*y + 5. Calculate l(4).
-7
Let n(g) = -3*g + 7. Determine n(-10).
3